*v = -n*k + 171 - 2, 5*k - 224 = -2*v. Calculate the remainder when k is divided by 16.
14
Calculate the remainder when 29 is divided by (1 + 8/(-4))*-16.
13
Let h(c) = -c**2 + 9*c**2 + 9*c**2. Let n = 58 + -26. Calculate the remainder when n is divided by h(-1).
15
Suppose 5*c + 2*h = 37, -2*h - 13 - 31 = -4*c. What is the remainder when 9 is divided by c?
0
Suppose 2*i - 44 = 4*x, 4*i - 33 = -x + 10. Let b(d) = -d**2 - 5*d + 8. Let c be b(-7). What is the remainder when 1/3 + (-136)/c is divided by i?
11
Suppose 4*u + 9 - 53 = 0. Let k(a) = 2*a - 16. What is the remainder when 10 is divided by k(u)?
4
Suppose -4*g + 149 + 523 = 0. Calculate the remainder when g is divided by 34.
32
Let s(i) = -i**3 + 3*i + 1. Calculate the remainder when 7 is divided by s(-2).
1
Let s be (-1)/4 + 2/8. Suppose s = -19*d + 16*d + 219. Let c(w) = w**3 - w + 25. Calculate the remainder when d is divided by c(0).
23
Let o = -112 + 19. Let r(s) = 7*s**2 + 2*s + 2. What is the remainder when r(-2) is divided by o/(-6) - (-3)/(-2)?
12
Suppose -3*s = s - 116. Let x(w) = -4*w + 6. Let t be x(4). Let y = t + 20. Calculate the remainder when s is divided by y.
9
Suppose -n = -3*t + 11, 2*t + 62 - 7 = -5*n. Let r = n + 28. What is the remainder when r is divided by 9?
8
Let v(c) = -c - 4. Let a be v(-6). Suppose -35 = -d + a*x, 0 = -4*d + x + 208 - 61. Suppose -3 = -5*h + d. What is the remainder when 14 is divided by h?
6
Suppose -x = -w, -5*x + 0*w + 50 = 5*w. Let i = -42 + 70. Let t = -14 + i. What is the remainder when t is divided by x?
4
Suppose w = -1 + 3. Let k be (0 - w) + 3 - -2. Let p(h) = 4*h + 1. What is the remainder when 37 is divided by p(k)?
11
Let j(y) = -y + 6. Let a(f) = 4*f - 18. Let l(u) = -3*a(u) - 10*j(u). Calculate the remainder when 71 is divided by l(-12).
17
Let b be 0 - ((-2)/2 + -25). Suppose 0*t + b = t. Calculate the remainder when t is divided by 9.
8
Let a = -9 + 12. Suppose -360 = -4*i + 48. Suppose -a*v = -6*v + i. Calculate the remainder when v is divided by 18.
16
Suppose 2*y + 3*f = 7*y - 251, 0 = -3*f - 6. What is the remainder when y is divided by 13?
10
Let i(w) = -w**2 + 17*w + 22. What is the remainder when i(15) is divided by 11?
8
Suppose -3*j + 204 = -12. Let b = j + -37. What is the remainder when b is divided by 12?
11
Let p(l) = 4*l + 11. Let k be p(-8). Let y = 13 + k. What is the remainder when 24 is divided by 5/20 + (-102)/y?
11
Suppose 12 = -4*c - 0*c, 0 = -n - 3*c + 1. Suppose -5*u + 20 = 0, g - 2*u + 9 = -2. Calculate the remainder when 115/4 - g/12 is divided by n.
9
What is the remainder when (-2 - -3)/((-1)/(-35)) is divided by 18?
17
Suppose 2*n + 100 = 4*p, -5*p + 111 - 1 = 5*n. What is the remainder when p is divided by 5?
4
Let u(v) = v**3 + 2*v**2 - 3*v - 1. Calculate the remainder when 13 is divided by u(2).
4
Let d(m) = -6*m - 19. What is the remainder when 18 is divided by d(-4)?
3
Let k(t) = -4*t. Let m be k(-1). Suppose 2*i = -3*h + h + 38, i - m*h - 29 = 0. What is the remainder when i is divided by 11?
10
Let n = -17 + 34. Calculate the remainder when 66 is divided by n.
15
Suppose -11 = -5*k - 3*g + g, -5*k + 21 = -3*g. Suppose -4*r = 2*j - 34, 3 = k*j + 6. Suppose -69 - 35 = -4*t. What is the remainder when t is divided by r?
8
Suppose t = 2*t + 4. What is the remainder when t/(-22) + 163/11 is divided by 4?
3
Let f be 11*2*(-2 - -1). Let b(y) = y**3 - 14*y**2 - 14*y - 12. Let h be b(15). Calculate the remainder when 8/((-70)/f - h) is divided by 15.
14
Let c = 218 + -103. Suppose -3*m - 2*m + c = 0. Let t(x) = 9*x**2 - 1. Calculate the remainder when m is divided by t(1).
7
Let t be 5/((-3)/165*-1). Suppose -2*v = 3*v - t. Calculate the remainder when v is divided by 14.
13
Let w be ((-7)/2)/((-2)/4). Let u(k) be the third derivative of k**4/24 - 5*k**3/6 - k**2. What is the remainder when u(w) is divided by 2?
0
Let u(p) = 19*p**2 + 8*p**3 + 22*p**2 - 1 - 40*p**2. Calculate the remainder when u(1) is divided by 5.
3
Let k(t) = t**2 + 3*t - 5. What is the remainder when -14*1*(-3)/6 is divided by k(-5)?
2
Suppose 5*g - 5*w = 205, 70 = 3*g + 3*w - 83. Suppose 4*k - 5*s - 73 = 0, -9*s = 5*k - 5*s - 40. What is the remainder when g is divided by k?
10
Let k = 26 - 14. What is the remainder when 32 is divided by k?
8
Let j(o) = 4*o - 6. Suppose 3*c - c = 3*r - 2, 0 = 5*c - 5*r. Suppose -2*q - c*q + 20 = 0. What is the remainder when 41 is divided by j(q)?
13
Let z(f) = f + 9. Calculate the remainder when 70 is divided by z(9).
16
Suppose 426 = 4*x + 3*o, 4 = -0*o - 2*o. What is the remainder when x is divided by 55?
53
Let a = -36 - -40. What is the remainder when a is divided by 2?
0
Let y = 22 + -18. Let g(w) = -w**2 + 5*w + 3. Let b be g(5). Suppose -r + 3*s + 8 = s, s = -b. What is the remainder when y is divided by r?
0
What is the remainder when 30/75 - 288/(-5) is divided by 16?
10
Let i be 0/(-3 - -1) + 2. Suppose i*o = 7*o - 30. Let r = o - -1. Calculate the remainder when 20 is divided by r.
6
Let o = 36 - 43. Let h(a) = -6 + 3*a + 3 + a**2 - 2. What is the remainder when h(o) is divided by 12?
11
Suppose 0 = 2*y - 56 + 12. Calculate the remainder when 86 is divided by y.
20
Suppose 0 = 11*j - 467 - 116. What is the remainder when j is divided by 6?
5
Suppose 16*i = 14*i + 60. What is the remainder when i is divided by 8?
6
Suppose -2*f - 9 = -3*f. Let q be (f/(-3))/((-3)/2). Suppose -q*m + 206 = 5*j + 2*m, 164 = 4*j + 3*m. What is the remainder when j is divided by 13?
12
Let h = -22 - -51. Let o = 35 - 19. What is the remainder when h is divided by o?
13
Let a = 23 - 8. What is the remainder when a is divided by 4?
3
Suppose 5*v - 2*y - 70 = -0*v, 3*y - 95 = -5*v. Calculate the remainder when 185/6 + 2/12 is divided by v.
15
Suppose 2*n = 4*o + 30, 5*n + 0*o = 3*o + 75. Suppose r - 6 = -s - 0*r, 12 = -4*r. What is the remainder when n is divided by s?
6
Suppose -m + 10 = -0*m. Let k(j) = j + 13. What is the remainder when m is divided by k(-7)?
4
Let c = -84 - -99. Calculate the remainder when 25 is divided by c.
10
What is the remainder when 124/6*21/7 is divided by 8?
6
Let i(g) = g**2 - 7. Let n(c) = -c**3 - 6*c**2 - 3*c - 8. What is the remainder when i(6) is divided by n(-6)?
9
Suppose 41*i - 43*i + 26 = 0. What is the remainder when 34 is divided by i?
8
Suppose 5*o - 132 = 88. Suppose 4*h = 3*g - g + 88, o = 2*h + g. Calculate the remainder when 63 is divided by h.
19
Let k = -6 - -3. What is the remainder when 42 is divided by (-2)/k*330/20?
9
Suppose -3*v = -4*h + 6 + 2, -4 = h. Let i = v - -139. Calculate the remainder when i is divided by 33.
32
Let l(a) = -3*a + a**2 + a + 7*a. Let r be l(-5). Calculate the remainder when (1 - 2) + r - -23 is divided by 8.
6
Let l(h) be the first derivative of -5*h**2 - 3. Suppose 0 = p - 5 - 33. What is the remainder when p is divided by l(-1)?
8
Let h(d) = d + 3. Let z be h(8). Let m = z + 9. What is the remainder when m is divided by 7?
6
Let n = 16 + 12. Let q = -16 + n. What is the remainder when q is divided by (-1)/(-2) - 26/(-4)?
5
Suppose -5*g + 168 = -572. Suppose -3*j = -j - g. What is the remainder when j is divided by 19?
17
Suppose 0 = -2*i - 1 - 9. Let c = i + 10. Suppose -7*o = -c*o - 20. What is the remainder when o is divided by 6?
4
Let u(k) = 16*k**2 - 3*k - 5. Calculate the remainder when u(-2) is divided by 23.
19
Let c = -11 + 51. What is the remainder when c is divided by 1*7*(-58)/(-29)?
12
Suppose h - 88 = -h. Suppose -3*g = -g - h. Let p = 44 - g. Calculate the remainder when p is divided by 12.
10
Let i(u) = -2*u + 4. Calculate the remainder when i(-12) is divided by 8.
4
Let o be -1 + (-3)/(9/(-6)). Suppose 3*z - 26 = 4. What is the remainder when (2 - -4)*3/o is divided by z?
8
Calculate the remainder when (-11)/33*(0 + -93) is divided by 18.
13
Let j(u) = -32*u**3 + 1. What is the remainder when j(-1) is divided by 9?
6
Suppose -4 = -4*l - 4*z, 0 = l - 4*l + 4*z + 24. Suppose -l*a = -3*a - 1. Calculate the remainder when 3 is divided by a.
0
Let t = -255 + 364. Calculate the remainder when t is divided by 28.
25
Let c(f) = -25*f**2 + 1. Let k(u) = -26*u**2 + 1. Let w(g) = -3*c(g) + 2*k(g). Calculate the remainder when 43 is divided by w(-1).
21
Let f = 7 - 5. Suppose -f*b + 35 = 9. Calculate the remainder whe